be i(18). Let c = y + 25. What is the remainder when c is divided by 6?
4
Suppose -275*v + 258*v = -986. What is the remainder when v is divided by 9?
4
Let p be (2712/18 - 1) + 1/3. Let i = -137 + p. What is the remainder when i is divided by 4?
1
Let o be 1/1*-1*(-4)/(-1). Let x = 77 + o. What is the remainder when x is divided by 15?
13
Let j(o) = o**3 - o**2 - 3*o + 2. Let d be j(2). Let s = 50 - 33. Suppose l + 0*l - s = d. Calculate the remainder when 33 is divided by l.
16
Suppose 2*n = 3*m - 808, -2*m + 0*n = n - 541. Calculate the remainder when m is divided by 32.
14
Suppose 259 = 5*z - 3*g, -4*z + 5*g + 203 = 4*g. Calculate the remainder when 157 is divided by z.
7
Let a(z) = 37 - 5*z - z + 4*z. What is the remainder when 38 is divided by a(12)?
12
Let j = -3 + 5. Suppose n + j*n = 72. Let i = -51 + 121. What is the remainder when i is divided by n?
22
Let y(m) = 9*m**2 - 7*m + 24. What is the remainder when 108 is divided by y(3)?
24
Let v = -84 - -133. Suppose -2*o - 3*l - 6 = -6*o, 5*o - 4*l = 7. What is the remainder when v is divided by 15 + (3 + o)/(-3)?
10
Suppose -971 = -5*j - 936. What is the remainder when 120 is divided by j?
1
Let p = 2 - -2. What is the remainder when 3795/220 + 3/(-12) is divided by p?
1
Suppose 532 = 6*v + 32*v. Calculate the remainder when 208 is divided by v.
12
Suppose -3*l - 4*j = -18, -2*l + 7 = 4*j - 9. Suppose l*m - 7 = 7. Calculate the remainder when 20 is divided by m.
6
Suppose 404 = -6*j + 10*j. Suppose -7*o + j + 18 = 0. Suppose q + 18 = 2*m, -m = -4*m - 2*q + 27. What is the remainder when o is divided by m?
8
Let n be (6/(-5))/((-4)/10). Let m = n + 2. Suppose -m*y + 30 = 5*l, 0 = 3*y + l - 6 - 12. What is the remainder when 22 is divided by y?
4
Suppose o - 25 = 5*h, 113 = 2*o + 3*h + 37. Let b = o - 23. Let m = b - -12. Calculate the remainder when 70 is divided by m.
22
Let x = 173 + -136. Calculate the remainder when 294 is divided by x.
35
Suppose -2*q + q + 84 = 0. Suppose 144 = 4*r - q. Let x = 147 + -127. Calculate the remainder when r is divided by x.
17
Suppose 2*c + c = q + 113, 5*q - 81 = -2*c. What is the remainder when 22 is divided by 2/4 - (-475)/c?
9
Let d(j) = j**2 - j - 2. What is the remainder when (-13)/((-585)/(-30)) + 80/3 is divided by d(4)?
6
Suppose -26 = -s + 16. Let g = 127 - 125. What is the remainder when s is divided by 2*(g + 28/8)?
9
Let d be -4 + 7404/27 + (-4)/18. Suppose -5*n = -3*i - d, 3*n - i + 108 = 5*n. What is the remainder when 161 is divided by n?
53
Let c(b) = 70*b**2 - b - 3 - 2*b**3 - b**3 - 69*b**2 - 3*b. Calculate the remainder when 163 is divided by c(-2).
31
Suppose 5*x - 110 = -5*k, -x = 3*k + x - 71. Calculate the remainder when 240 is divided by k.
24
Let z(u) = -3*u + 4. Let b(c) = -17*c. Calculate the remainder when b(-3) is divided by z(-3).
12
Let y be 8/(-4)*(-11)/2. Suppose y*f - 16*f + 80 = 0. Let r(i) = 9*i**2 + 3*i. What is the remainder when r(-2) is divided by f?
14
Suppose -7*j + 0 = -35. Suppose 530 - j = 5*c. What is the remainder when c is divided by 18?
15
Suppose 1 - 35 = -4*z + 3*c, -z + c = -9. Suppose q - 2*k - 20 = -4, 0 = -4*q + 4*k + 56. What is the remainder when 45 is divided by (q/z)/((-10)/(-70))?
9
What is the remainder when 141 is divided by (-4)/12 + ((-220)/(-3) - 2)?
70
Let s(h) = h**3 - 7*h**2 + 30*h - 66. What is the remainder when 231 is divided by s(5)?
27
Suppose 6*f = 259 - 205. Calculate the remainder when (6*-26)/(-2) + 2 is divided by f.
8
Suppose 5*l - 58 = 62. Suppose -3*a = -2*u - 8, 2*u + 2*u - l = -4*a. Suppose u*o - 45 = -3*o. Calculate the remainder when 17 is divided by o.
8
Suppose -389 + 133 = -2*v + 4*m, 4*m = -2*v + 216. Calculate the remainder when v is divided by 24.
22
Suppose 6*g + 10 = 7*g. Suppose 4*k - 26 = -5*s, 4*k - g = -3*s + 12. What is the remainder when 51 is divided by 1/(-2)*-58 - s?
24
Suppose 819 = 2*u + 3*a, 5*u - 2250 = 3*a - 234. Suppose 0 = -12*s + 7*s + u. Suppose 8*t = 11*t - s. What is the remainder when 80 is divided by t?
26
Let f(s) = s**3 + 29*s**2 - 30*s + 33. Calculate the remainder when 95 is divided by f(-30).
29
Let p = -165 + 178. What is the remainder when p is divided by 10?
3
Suppose 5*t - 11*c = -7*c + 241, -3*t = -4*c - 143. What is the remainder when t is divided by 20?
9
Let h(b) = -10*b + 48. Let z be h(-11). Suppose -2*p - 4 = 0, -o - 4*o + z = p. What is the remainder when o is divided by 17?
15
Let l = -242 + 296. What is the remainder when 257 is divided by l?
41
Let t = -178 - -332. Calculate the remainder when t is divided by 31.
30
Let h = 167 - 95. Calculate the remainder when h is divided by 59.
13
Suppose -4*a = -2*p - 58, 4*p = 3*a - 23 - 18. Calculate the remainder when 133 is divided by a.
13
Let d(t) = 3*t**2 - t - 52. Calculate the remainder when 57 is divided by d(5).
3
Let p be 3 - (-1 - (-1 + -2)). Calculate the remainder when (4 + (-10 - p))*-1 + 3 is divided by 3 + 0*(-1 - 0).
1
Suppose 0*x + 4*x = 16. Let z(d) = d**2 - 8*d - 6. What is the remainder when 80/12 + x/(-6) is divided by z(9)?
0
Let o be (-2)/((-36)/(-8) + -4). Let d be 6*(-3 - 14/o). Suppose -5*c - 11 = 4*s, c - 6*c - d*s = 7. Calculate the remainder when 1 is divided by c.
0
Suppose -4*h + h + 33 = 0. Suppose -4*b = 3*r - 64, -4*r - 64 = -7*b + 3*b. What is the remainder when b is divided by h?
5
Suppose 3*i + 2*a = -100, a = 2*a - 4. Let g = 107 + i. What is the remainder when g is divided by 9?
8
Suppose 9*f - 10 = 4*f. Suppose -212 = -f*p - 2*p. Let m(v) = v**2 - 14*v - 133. What is the remainder when p is divided by m(-7)?
11
What is the remainder when 89 is divided by (132/16)/(3/12)?
23
Let f(g) = g**3 + 5*g**2 + 4*g. Let s be f(-4). Suppose s = -b - 147 - 37. What is the remainder when -6 + 10 - b/2 is divided by 33?
30
Let o = -50 + 50. Suppose -q = -o*q + 2*w - 65, -3*q = -5*w - 140. What is the remainder when q is divided by 14?
13
Suppose 464*r - 461*r - 48 = 0. What is the remainder when 148 is divided by r?
4
Let j(y) = -71*y - 139. What is the remainder when j(-8) is divided by 2?
1
Suppose 0 = -4*j + 914 - 798. What is the remainder when 86 is divided by j?
28
Let w(p) = -3*p - 1. What is the remainder when (-7)/35 + 78/15 is divided by w(-1)?
1
Suppose 41 = 2*x + 29. Suppose 0 = -x*f + 9*f - 228. Suppose -5*w = -6*w + 26. Calculate the remainder when f is divided by w.
24
Let h = 169 + -293. Let r = h - -182. What is the remainder when r is divided by 20?
18
Suppose -2 = 4*l - 458. What is the remainder when 221 is divided by l?
107
Let x(m) = m**2 + 8*m + 2. Suppose u + 4*l - 11 = -34, -4*l = -3*u - 37. What is the remainder when x(u) is divided by 27?
26
Let c = 69 + -55. Suppose -5*m = 3*n - 127, -5*m + 44 = n - 5. Calculate the remainder when n is divided by c.
11
Let b(i) = -2*i**2 - 21*i + 5. What is the remainder when b(-6) is divided by (20 - 0)*12/16?
14
Suppose 0 = -31*m + 29*m + 4*z + 70, 5*m + 4*z = 161. Calculate the remainder when 86 is divided by m.
20
Let s = 18 - 15. Calculate the remainder when 26 is divided by (7 - s)/4*15.
11
Let f(p) = 8*p - 2. What is the remainder when ((-32)/(-5))/((22/(-15))/(-11)) is divided by f(2)?
6
Let q = -48 - -77. Let j(b) = b**3 - 16*b**2 - 25*b + 10. Let t be j(17). Let w = t + 136. Calculate the remainder when q is divided by w.
9
Suppose 3*a - 8 = 136. Calculate the remainder when 238 is divided by a.
46
Suppose 2*d = 47*d - 5175. Calculate the remainder when 228 is divided by d.
113
Calculate the remainder when 194 is divided by (-5)/(4/(16/(-5))).
2
Suppose -5*n = -t + 17, 3*n - 2*t = 2*t - 17. Calculate the remainder when 147/4 + n/(-12) is divided by (5/15)/((-2)/(-60)).
7
Let s(n) = 2*n - 22. Let m be s(8). Calculate the remainder when (-12)/4 - m - -48 is divided by 13.
12
Let c be 2 - ((-8 - -5) + 29). What is the remainder when 55 is divided by (-1)/(27/c - (1 - 2))?
7
Suppose -z - 4*t + 23 = 0, -z - 3*t + 41 = -5*t. Let o(k) = 12*k**2 + k**3 + 16 - 5*k + 10*k - 4 + 6*k. What is the remainder when z is divided by o(-11)?
11
Suppose -3*k - 41 = -30 - 65. Let y = 258 + -154. Calculate the remainder when y is divided by k.
14
Calculate the remainder when (((-21)/(-6))/(-7))/((-6)/756) is divided by 23.
17
Calculate the remainder when (-30)/20*(3 - (4 + 17)) is divided by 15.
12